{"version":"1.0","provider_name":"Marta Carnero","provider_url":"https:\/\/martacarnero.es\/en","title":"El David de Miguel \u00c1ngel, c\u00f3mo visitar una obra \u00fanica en Florencia - Marta Carnero","type":"rich","width":600,"height":338,"html":"<blockquote class=\"wp-embedded-content\" data-secret=\"h9fpLcEFqh\"><a href=\"https:\/\/martacarnero.es\/en\/blog\/el-david-de-miguel-angel-florencia\/\">El David de Miguel \u00c1ngel, c\u00f3mo visitar una obra \u00fanica en Florencia<\/a><\/blockquote><iframe sandbox=\"allow-scripts\" security=\"restricted\" src=\"https:\/\/martacarnero.es\/en\/blog\/el-david-de-miguel-angel-florencia\/embed\/#?secret=h9fpLcEFqh\" width=\"600\" height=\"338\" title=\"&#8220;El David de Miguel \u00c1ngel, c\u00f3mo visitar una obra \u00fanica en Florencia&#8221; &#8212; Marta Carnero\" data-secret=\"h9fpLcEFqh\" frameborder=\"0\" marginwidth=\"0\" marginheight=\"0\" scrolling=\"no\" class=\"wp-embedded-content\"><\/iframe><script>\n\/*! This file is auto-generated *\/\n!function(d,l){\"use strict\";l.querySelector&&d.addEventListener&&\"undefined\"!=typeof URL&&(d.wp=d.wp||{},d.wp.receiveEmbedMessage||(d.wp.receiveEmbedMessage=function(e){var t=e.data;if((t||t.secret||t.message||t.value)&&!\/[^a-zA-Z0-9]\/.test(t.secret)){for(var s,r,n,a=l.querySelectorAll('iframe[data-secret=\"'+t.secret+'\"]'),o=l.querySelectorAll('blockquote[data-secret=\"'+t.secret+'\"]'),c=new RegExp(\"^https?:$\",\"i\"),i=0;i<o.length;i++)o[i].style.display=\"none\";for(i=0;i<a.length;i++)s=a[i],e.source===s.contentWindow&&(s.removeAttribute(\"style\"),\"height\"===t.message?(1e3<(r=parseInt(t.value,10))?r=1e3:~~r<200&&(r=200),s.height=r):\"link\"===t.message&&(r=new URL(s.getAttribute(\"src\")),n=new URL(t.value),c.test(n.protocol))&&n.host===r.host&&l.activeElement===s&&(d.top.location.href=t.value))}},d.addEventListener(\"message\",d.wp.receiveEmbedMessage,!1),l.addEventListener(\"DOMContentLoaded\",function(){for(var e,t,s=l.querySelectorAll(\"iframe.wp-embedded-content\"),r=0;r<s.length;r++)(t=(e=s[r]).getAttribute(\"data-secret\"))||(t=Math.random().toString(36).substring(2,12),e.src+=\"#?secret=\"+t,e.setAttribute(\"data-secret\",t)),e.contentWindow.postMessage({message:\"ready\",secret:t},\"*\")},!1)))}(window,document);\n\/\/# sourceURL=https:\/\/martacarnero.es\/wp-includes\/js\/wp-embed.min.js\n<\/script>","thumbnail_url":null,"thumbnail_width":null,"thumbnail_height":null,"description":"La visi\u00f3n del David de Miguel \u00c1ngel es uno de esos recuerdos que se quedan en la mente con el paso del tiempo y fue hace ya m\u00e1s de quince a\u00f1os cuando ocurri\u00f3 por primera vez. La mayor\u00eda de turistas entramos despistados a la Galleria de la Academia, en Florencia, tras una larga espera. Y transcurren minutos hasta que descubres d\u00f3nde se encuentra situada la famosa escultura. La impresi\u00f3n m\u00e1s habitual es de admiraci\u00f3n -boca abierta acompa\u00f1ada de una expresi\u00f3n tipo &#8216;wow&#8217;. Ya que uno no espera semejante grandiosidad. Con 5,17 metros de altura y casi 6 toneladas de peso, se trata de una de las obras maestras del Renacimiento realizada por Miguel \u00c1ngel, uno de los artistas italianos m\u00e1s grandes de todos los tiempos. Para evitar m\u00e1s de una hora de espera os aconsejamos comprar las entradas por Internet, lo que os dar\u00e1 acceso inmediato. Son m\u00e1s caras, pero el tiempo es oro. Una vez all\u00ed tambi\u00e9n existe la posibilidad de contratar un fast ticket que os permitir\u00e1 saltaros la cola. El horario para ver el David de Miguel \u00c1ngel es de de 8:15 a 18:50 horas, de martes a domingo. Los lunes est\u00e1 cerrado. Podr\u00edamos contaros muchas m\u00e1s cosas de esta obra, pero ser\u00eda tirar de Wikipedia. Aqu\u00ed os dejamos el enlace. No pueden hacerse fotos con c\u00e1mara, pero nadie dijo nada de m\u00f3viles. Que nos perdonen los italianos&#8230; Si busc\u00e1is un restaurante t\u00edpico\u00a0para comer cerca del David de Miguel \u00c1ngel, os recomendamos la Trattoria Coco Lezzone, en el n\u00famero 26 de la Via del Parioncino, o el Mercado Central de Florencia."}

El David de Miguel Ángel, cómo visitar una obra única en Florencia - Marta Carnero

<blockquote class="wp-embedded-content" data-secret="h9fpLcEFqh"><a href="https://martacarnero.es/en/blog/el-david-de-miguel-angel-florencia/">El David de Miguel Ángel, cómo visitar una obra única en Florencia</a></blockquote><iframe sandbox="allow-scripts" security="restricted" src="https://martacarnero.es/en/blog/el-david-de-miguel-angel-florencia/embed/#?secret=h9fpLcEFqh" width="600" height="338" title="&#8220;El David de Miguel Ángel, cómo visitar una obra única en Florencia&#8221; &#8212; Marta Carnero" data-secret="h9fpLcEFqh" frameborder="0" marginwidth="0" marginheight="0" scrolling="no" class="wp-embedded-content"></iframe><script>
/*! This file is auto-generated */
!function(d,l){"use strict";l.querySelector&&d.addEventListener&&"undefined"!=typeof URL&&(d.wp=d.wp||{},d.wp.receiveEmbedMessage||(d.wp.receiveEmbedMessage=function(e){var t=e.data;if((t||t.secret||t.message||t.value)&&!/[^a-zA-Z0-9]/.test(t.secret)){for(var s,r,n,a=l.querySelectorAll('iframe[data-secret="'+t.secret+'"]'),o=l.querySelectorAll('blockquote[data-secret="'+t.secret+'"]'),c=new RegExp("^https?:$","i"),i=0;i<o.length;i++)o[i].style.display="none";for(i=0;i<a.length;i++)s=a[i],e.source===s.contentWindow&&(s.removeAttribute("style"),"height"===t.message?(1e3<(r=parseInt(t.value,10))?r=1e3:~~r<200&&(r=200),s.height=r):"link"===t.message&&(r=new URL(s.getAttribute("src")),n=new URL(t.value),c.test(n.protocol))&&n.host===r.host&&l.activeElement===s&&(d.top.location.href=t.value))}},d.addEventListener("message",d.wp.receiveEmbedMessage,!1),l.addEventListener("DOMContentLoaded",function(){for(var e,t,s=l.querySelectorAll("iframe.wp-embedded-content"),r=0;r<s.length;r++)(t=(e=s[r]).getAttribute("data-secret"))||(t=Math.random().toString(36).substring(2,12),e.src+="#?secret="+t,e.setAttribute("data-secret",t)),e.contentWindow.postMessage({message:"ready",secret:t},"*")},!1)))}(window,document);
//# sourceURL=https://martacarnero.es/wp-includes/js/wp-embed.min.js
</script>

La visión del David de Miguel Ángel es uno de esos recuerdos que se quedan en la mente con el paso del tiempo y fue hace ya más de quince años cuando ocurrió por primera vez. La mayoría de turistas entramos despistados a la Galleria de la Academia, en Florencia, tras una larga espera. Y transcurren minutos hasta que descubres dónde se encuentra situada la famosa escultura. La impresión más habitual es de admiración -boca abierta acompañada de una expresión tipo &#8216;wow&#8217;. Ya que uno no espera semejante grandiosidad. Con 5,17 metros de altura y casi 6 toneladas de peso, se trata de una de las obras maestras del Renacimiento realizada por Miguel Ángel, uno de los artistas italianos más grandes de todos los tiempos. Para evitar más de una hora de espera os aconsejamos comprar las entradas por Internet, lo que os dará acceso inmediato. Son más caras, pero el tiempo es oro. Una vez allí también existe la posibilidad de contratar un fast ticket que os permitirá saltaros la cola. El horario para ver el David de Miguel Ángel es de de 8:15 a 18:50 horas, de martes a domingo. Los lunes está cerrado. Podríamos contaros muchas más cosas de esta obra, pero sería tirar de Wikipedia. Aquí os dejamos el enlace. No pueden hacerse fotos con cámara, pero nadie dijo nada de móviles. Que nos perdonen los italianos&#8230; Si buscáis un restaurante típico para comer cerca del David de Miguel Ángel, os recomendamos la Trattoria Coco Lezzone, en el número 26 de la Via del Parioncino, o el Mercado Central de Florencia.
